er when 2872 is divided by 21?
16
What is the remainder when 65737 is divided by 7284?
181
What is the remainder when 33315 is divided by 33291?
24
What is the remainder when 98690 is divided by 98686?
4
What is the remainder when 492876 is divided by 28?
20
Calculate the remainder when 139991 is divided by 69990.
11
What is the remainder when 5746 is divided by 167?
68
Calculate the remainder when 340 is divided by 263.
77
Calculate the remainder when 19523 is divided by 340.
143
What is the remainder when 6009 is divided by 3004?
1
What is the remainder when 342718 is divided by 144?
142
Calculate the remainder when 28988 is divided by 96.
92
Calculate the remainder when 12335 is divided by 75.
35
Calculate the remainder when 17238 is divided by 1079.
1053
What is the remainder when 19372 is divided by 9435?
502
Calculate the remainder when 3375791 is divided by 357.
356
What is the remainder when 6226 is divided by 6212?
14
What is the remainder when 1341518 is divided by 818?
816
What is the remainder when 107881 is divided by 15409?
18
Calculate the remainder when 79409 is divided by 217.
204
What is the remainder when 10422 is divided by 81?
54
What is the remainder when 5664 is divided by 295?
59
Calculate the remainder when 16488 is divided by 119.
66
Calculate the remainder when 14009 is divided by 64.
57
Calculate the remainder when 1494 is divided by 99.
9
What is the remainder when 16215 is divided by 3969?
339
Calculate the remainder when 6515 is divided by 22.
3
What is the remainder when 42216 is divided by 754?
746
Calculate the remainder when 45349 is divided by 22.
7
Calculate the remainder when 89971 is divided by 4998.
7
Calculate the remainder when 18363 is divided by 1344.
891
What is the remainder when 34 is divided by 2?
0
Calculate the remainder when 24866 is divided by 24864.
2
What is the remainder when 49810 is divided by 12452?
2
Calculate the remainder when 20541 is divided by 16.
13
What is the remainder when 61499 is divided by 103?
8
What is the remainder when 6307972 is divided by 25?
22
What is the remainder when 67104 is divided by 433?
422
What is the remainder when 23168 is divided by 368?
352
Calculate the remainder when 105030 is divided by 38.
36
Calculate the remainder when 2770 is divided by 163.
162
What is the remainder when 2717 is divided by 392?
365
Calculate the remainder when 727997 is divided by 56.
53
What is the remainder when 5531 is divided by 2750?
31
What is the remainder when 98172 is divided by 128?
124
What is the remainder when 101613 is divided by 58?
55
Calculate the remainder when 7547 is divided by 1144.
683
Calculate the remainder when 19541 is divided by 46.
37
What is the remainder when 573 is divided by 15?
3
What is the remainder when 662429 is divided by 355?
354
What is the remainder when 11823 is divided by 3767?
522
Calculate the remainder when 7582 is divided by 1080.
22
Calculate the remainder when 56183 is divided by 530.
3
Calculate the remainder when 63330 is divided by 52.
46
Calculate the remainder when 96535 is divided by 2251.
1993
Calculate the remainder when 17746 is divided by 17723.
23
What is the remainder when 13273 is divided by 45?
43
Calculate the remainder when 1154 is divided by 192.
2
What is the remainder when 21778 is divided by 319?
86
What is the remainder when 2616036 is divided by 40?
36
Calculate the remainder when 25071 is divided by 91.
46
What is the remainder when 3209 is divided by 315?
59
Calculate the remainder when 43861 is divided by 618.
601
What is the remainder when 4902 is divided by 136?
6
What is the remainder when 4636 is divided by 140?
16
What is the remainder when 112459 is divided by 528?
523
What is the remainder when 8778 is divided by 365?
18
What is the remainder when 136973 is divided by 913?
23
Calculate the remainder when 400470 is divided by 31.
12
What is the remainder when 3309 is divided by 40?
29
What is the remainder when 7072 is divided by 805?
632
Calculate the remainder when 18710 is divided by 480.
470
What is the remainder when 16038 is divided by 1168?
854
Calculate the remainder when 29942 is divided by 14968.
6
What is the remainder when 97691 is divided by 19?
12
Calculate the remainder when 988 is divided by 558.
430
What is the remainder when 125743 is divided by 16?
15
What is the remainder when 15039 is divided by 1390?
1139
What is the remainder when 6459 is divided by 2683?
1093
Calculate the remainder when 15104 is divided by 219.
212
What is the remainder when 15593 is divided by 226?
225
Calculate the remainder when 81342 is divided by 16.
14
What is the remainder when 18359 is divided by 82?
73
Calculate the remainder when 196349 is divided by 275.
274
What is the remainder when 3657 is divided by 1217?
6
What is the remainder when 8412 is divided by 501?
396
Calculate the remainder when 438 is divided by 228.
210
What is the remainder when 130193 is divided by 14465?
8
What is the remainder when 3650 is divided by 184?
154
Calculate the remainder when 2354 is divided by 56.
2
What is the remainder when 164432 is divided by 41108?
0
Calculate the remainder when 60064 is divided by 613.
603
Calculate the remainder when 2850 is divided by 371.
253
What is the remainder when 254197 is divided by 67?
66
Calculate the remainder when 220538 is divided by 178.
174
Calculate the remainder when 4498 is divided by 49.
39
Calculate the remainder when 7596 is divided by 2525.
21
Calculate the remainder when 772 is divided by 44.
24
What is the remainder when 41063 is divided by 956?
911
What is the remainder when 13074 is divided by 262?
236
What is the remainder when 7773 is divided by 891?
645
What is the remainder when 13563 is divided by 87?
78
Calculate the remainder when 138760 is divided by 18.
16
What is the remainder when 258256 is divided by 1858?
1852
Calculate the remainder when 5673 is divided by 207.
84
What is the remainder when 46248 is divided by 2?
0
Calculate the remainder when 34134 is divided by 611.
529
Calculate the remainder when 3581099 is divided by 206.
201
What is the remainder when 54827 is divided by 10?
7
What is the remainder when 99347 is divided by 59?
50
Calculate the remainder when 12932 is divided by 84.
80
Calculate the remainder when 3834 is divided by 20.
14
Calculate the remainder when 24651 is divided by 23.
18
What is the remainder when 1320530 is divided by 830?
0
Calculate the remainder when 6972 is divided by 3484.
4
Calculate the remainder when 3577 is divided by 446.
9
Calculate the remainder when 107605 is divided by 1708.
1
What is the remainder when 9179 is divided by 30?
29
What is the remainder when 7529 is divided by 25?
4
What is the remainder when 1982151 is divided by 1587?
1575
Calculate the remainder when 2871 is divided by 23.
19
Calculate the remainder when 305695 is divided by 25474.
7
Calculate the remainder when 337904 is divided by 39.
8
Calculate the remainder when 3321 is divided by 1065.
126
Calculate the remainder when 12646 is divided by 151.
113
What is the remainder when 136716 is divided by 72?
60
Calculate the remainder when 58783 is divided by 12.
7
Calculate the remainder when 27576 is divided by 4594.
12
Calculate the remainder when 576143 is divided by 42.
29
What is the remainder when 33115 is divided by 40?
35
What is the remainder when 79099 is divided by 953?
0
Calculate the remainder when 1900 is divided by 298.
112
Calculate the remainder when 2496 is divided by 154.
32
What is the remainder when 9297 is divided by 94?
85
What is the remainder when 8378 is divided by 559?
552
Calculate the remainder when 29825 is divided by 29.
13
What is the remainder when 12400 is divided by 59?
10
What is the remainder when 140602 is divided by 258?
250
What is the remainder when 654192 is divided by 163544?
16
Calculate the remainder when 5469 is divided by 18.
15
What is the remainder when 414257 is divided by 55?
52
Calculate the remainder when 61864 is divided by 172.
116
Calculate the remainder when 1476 is divided by 99.
90
Calculate the remainder when 1246 is divided by 64.
30
What is the remainder when 10379 is divided by 12?
11
What is the remainder when 146230 is divided by 253?
249
What is the remainder when 929159 is d